 (-1149)/(-2)*-1*2/(-3)?
8
Suppose 2*p - 2*m - 772 = 2*m, 2*p + 4*m = 748. What is the tens digit of p?
8
What is the units digit of -31 - -20 - (-1211 + -2)?
2
Suppose 0 = 4*a + 122 + 158. Let n = a + 108. Suppose 4*j - 2*u - 46 = 0, 2*j + 2*u = 6*u + n. What is the units digit of j?
9
Suppose -18*w + 7693 = -11*w. What is the thousands digit of w?
1
Let d = -45 - -48. Let g be (-20)/90 - (-106)/(-9). What is the units digit of d/(-9) - 436/g?
6
Let u(z) = -6*z**2 - 11*z - 7. Let o(m) = m**2 - m + 1. Let v(y) = -5*o(y) - u(y). What is the units digit of v(-18)?
8
Let n = -19 + 24. Let u = n - -5. What is the tens digit of u?
1
Suppose q + 55 + 139 = 0. What is the units digit of q/(-3) - 8/12?
4
Let o = -46 + 48. Suppose -3*n - 4*d = -34, d + 31 = 2*n + o*d. What is the units digit of n?
8
Let z be (15/6)/((-1)/(-2)). Suppose 326 = z*v - 104. Let x = 146 - v. What is the tens digit of x?
6
Suppose 0*j = -5*j - 5*r + 45, 0 = 2*r + 2. What is the tens digit of j?
1
Let l(y) = 2*y**3 + 9*y**2 - y - 25. Let u be l(-6). Let v = -68 - u. What is the tens digit of v?
5
Suppose 193 = b - 0*z - 2*z, -2*b + 5*z = -383. What is the hundreds digit of b?
1
Suppose 0 = -n + 2*n + 203. Let p = -143 - n. What is the tens digit of p?
6
Suppose -8*m + 1920 = -2248. What is the hundreds digit of m?
5
Suppose 0 = -4*c - 5*r + 61, 4*c - r + 0*r = 79. Suppose 0 = -l - f + 11, 2*l - 3*l + 5*f = c. What is the tens digit of ((-48)/(-40))/(l/200)?
4
What is the tens digit of (6 - -3) + (-2 - -1556)?
6
Let o = 17 + -9. Suppose 3*g = 4*g - o. What is the units digit of ((-91)/26)/((-2)/g)?
4
Let o = 116 - 80. Let u = o - 20. What is the tens digit of u?
1
Let o(x) = -5*x + 4*x - 3*x**2 + 4*x**2 + 23 + 8*x. What is the units digit of o(-11)?
7
Let d = -26 - -120. Let y = 135 - d. What is the tens digit of y?
4
Let u = -34 - -13. Let a = u - -43. What is the units digit of a?
2
Suppose h - 15 = -t - 4*t, 0 = -4*h + t - 45. What is the units digit of h*(-2 + (-15)/2)?
5
Let a(h) be the third derivative of 7*h**4/6 - h**3/2 + 5*h**2. What is the tens digit of a(3)?
8
Suppose -7*q + 4 = 2*b - 2*q, -5*q - 5 = 5*b. Let y(d) = -d**3 - 5*d**2 - 2*d. Let a be y(-3). What is the tens digit of (-79)/b - 8/a?
2
Suppose -2*d - 26 = 70. Let r = 75 + d. Suppose -g = -2*g + 5*m + 23, -r = -g + 3*m. What is the units digit of g?
3
Let o = 8 + -6. Suppose 187*m = 201*m - 42. Suppose t + 132 = o*u + m*t, 2*t = u - 66. What is the units digit of u?
6
Let z(u) = -405*u**3 + 4*u**2 + 7*u + 2. What is the tens digit of z(-1)?
0
Let v(j) = j**3 + 6*j**2 + 2*j. Let d be v(-6). Let w be (-76)/(-19)*3/(-4). What is the units digit of w/d + (-201)/(-12)?
7
Let o(a) = 5*a - 4*a - 11 - 3*a + 3*a. Let f be o(14). Suppose -f*v + 3*j + 31 = -35, -v + 2*j + 21 = 0. What is the units digit of v?
3
Let w(o) be the third derivative of -o**5/30 + 9*o**4/8 + 7*o**3/3 + 11*o**2. What is the units digit of w(10)?
4
Let x(q) = -6*q**3 + 6*q**2 + 9*q + 5. What is the units digit of x(-4)?
9
Let i(h) = h**3 - 25*h**2 - 68*h - 5. What is the units digit of i(31)?
3
Suppose -4*s - 4*f + 0 - 12 = 0, 0 = 4*f + 4. Suppose 5*h - n = 28, 3*h + 4*n - 25 = 1. What is the units digit of 2*(75/h - s)?
9
Let o = -1852 - -2887. What is the thousands digit of o?
1
Let t = -468 - -2061. What is the hundreds digit of t?
5
Suppose 0 = -7*l + 3*l. Let x = 27 - -5. Suppose o + l*o = x. What is the units digit of o?
2
What is the units digit of 3 + (-12)/15 + 3048/60?
3
Let b = 29 + -22. Let t(v) = v**3 - 7*v**2 + 6*v. What is the units digit of t(b)?
2
Let f(h) = -177*h - 44. What is the units digit of f(-5)?
1
Suppose 0 = -3*b + 818 + 415. What is the hundreds digit of b?
4
Let g(k) = -k**3 - 5*k**2 + 5. Let w be g(-5). Suppose w*p + 12 = 2*p. What is the units digit of 1/p - 228/(-16)?
4
Suppose 3*n - 87 = 45. What is the units digit of ((-3861)/n)/(22/(-16) - -1)?
4
Let v be 50/((1/1)/12). Suppose -3*a - v = -6*a. What is the tens digit of a/14 - (-2)/(-7)?
1
Let n(k) be the third derivative of -k**5/60 + k**4/24 + k**3/6 - 3*k**2. Let f be n(0). What is the tens digit of ((-3)/(-5) + f)*10?
1
Let f(r) = 24*r**2 + r + 41. What is the hundreds digit of f(-5)?
6
Suppose b - 11 = -3*c + 95, 0 = -5*c + 5*b + 190. What is the tens digit of c?
3
Suppose 0 = 3*r - 4*k - k - 1198, 2*k - 820 = -2*r. What is the tens digit of r?
0
Let c = -30 - -33. What is the tens digit of (c/6)/(2 + (-123)/62)?
3
Let c(z) = 3*z - 9*z - 10*z - 13 + 30. What is the units digit of c(-6)?
3
Let x = 22 + -34. Let v = 1706 + -1714. Let r = v - x. What is the units digit of r?
4
Suppose -2*y = 4*d - 192, -4*y + 9*y - d = 524. Suppose -11*f + 13*f = y. What is the tens digit of f?
5
Let i(x) = 2*x**2 + 21*x + 8. What is the tens digit of i(-12)?
4
What is the units digit of 8/(-4) + 1*731?
9
Let y be ((-28)/(-10))/(1/5). Let o = -11 + y. Suppose 2*d - 56 = -2*w + d, -74 = -o*w - 4*d. What is the tens digit of w?
3
Let f(k) = 2*k**3 + 7*k**2 + 6*k - 4. Let r = 27 - 32. Let t be f(r). Let m = -42 - t. What is the units digit of m?
7
Let k(s) be the second derivative of 14*s**4/3 + s**3/6 + s**2/2 + 19*s - 4. Let i = 1 + -2. What is the tens digit of k(i)?
5
Let k = -190 + 532. What is the tens digit of k?
4
Let v(k) = -2 - 2 + 3*k + 5 + 6*k**2 - 3. What is the tens digit of v(2)?
2
Suppose i - 524 = -l, -3*l - 5*i + i + 1576 = 0. What is the tens digit of l?
2
Suppose -4*n - b - 4*b + 9 = 0, -5*b = -n + 21. Suppose -8*a + n*a = 80. What is the tens digit of -174*(3 + a/12)?
5
Suppose 0 = r - 2*a - 6, 2*r - a + 3*a + 6 = 0. Let t(w) = 3*w**3 + w**2 + 2*w. Let s be t(-2). Let n = r - s. What is the tens digit of n?
2
Suppose -2*n - 39 = -3. Let i be (1/(-2))/((-3)/n). What is the tens digit of i - 1/((-4)/140)?
3
Let j(u) = -140*u - 65. What is the tens digit of j(-12)?
1
Suppose 4*z + z = 4*p + 130, 4*p = 3*z - 86. Let f be -3*(-1 - z/(-3)). Let k = f + 44. What is the tens digit of k?
2
Suppose -3*t = -0*a - 4*a + 29, -4*a - 2*t + 14 = 0. Suppose 0*v + 345 = a*v. What is the tens digit of v?
6
Suppose -5*c - 16 = -1. What is the units digit of 5*(-1 + c + (-656)/(-16))?
5
Let c be ((-12)/14)/(1/(-7)). Let b(m) = m**3 - 6*m**2 + m - 3. Let p be b(c). Suppose 0 = 2*i + p*i - 100. What is the units digit of i?
0
Let z = -291 + 318. What is the units digit of z?
7
Let q = 88 + -48. Let b be 0/3*1 + 26. Suppose l + b = q. What is the units digit of l?
4
Let d be (-1)/((-2)/4*1). Let l be (-25)/10*(8/10 - 0). What is the tens digit of (l - 0)*(-29)/d?
2
Let q(l) = -3*l + 25. What is the units digit of q(-17)?
6
Let f be (-24)/(-2) + (-3)/3. Suppose f = 4*v - 5. What is the units digit of ((-196)/8)/((-2)/v)?
9
Let g(f) = 5*f**2 + 37*f + 31. Let v(x) = x**2 + 9*x + 8. Let r(s) = 2*g(s) - 9*v(s). Let t be r(7). What is the units digit of (21/(-5))/(2/t)?
1
Suppose -2*l = -10*o + 12*o - 3868, -1918 = -l - 5*o. What is the thousands digit of l?
1
What is the thousands digit of ((-14)/(-1))/(16/2264)?
1
Let d(g) = 2*g + 8. Let t be d(-6). What is the units digit of (t/9)/(6/(-27))?
2
Let h = 18 + 44. Suppose 0 = 3*k + 7 - 22. Suppose -2*n - 3*v = -h + k, -3 = 3*v. What is the tens digit of n?
3
Let o = -257 - -176. Let r be (3 + 33/(-9))*o. Let m = -15 + r. What is the units digit of m?
9
Suppose -3*m = -2*h - 83, 11*h - 6*h = 2*m - 213. Let i(q) = 7*q**2 + 3*q + 2. Let x be i(-4). Let g = h + x. What is the tens digit of g?
5
Suppose -a - 5*g + 607 = 0, 3*g = -5*a + 6*a - 615. What is the tens digit of a?
1
Let b(w) = 10*w**2 - 186*w - 102. What is the thousands digit of b(31)?
3
Suppose -5593 + 2113 = -3*i. What is the units digit of i?
0
Let l(j) = 2*j**3 + 2*j**2 - 2*j + 2. Suppose -4*v - 3*f = -5*f + 2, -20 = -4*f. Suppose -3*b + v = -4. What is the units digit of l(b)?
2
Let v be 0 - (-3 + -139 + (0 - -1)). Let g(z) = 16*z + 21. Let r be g(-6). Let i = r + v. What is the units digit of i?
6
Suppose -2*h + 6*j - 2*j + 864 = 0, 0 = -4*j + 4. What is the tens digit of h?
3
Let p(k) = -2 - 16*k + 26*k - k**3 - 8*k - 4*k**2. What is the tens digit of p(-5)?
1
Let l(c) = -1 + 7*c - 4*c - c**3 - 4*c**2 + 8*c**2. Suppose 4*u + 12 = 0, k + 32 = 6*k - 4*u. What is the tens digit of l(k)?
1
Let b(x) = 41*x - 318. What is the hundreds digit of b(13)?
2
Let o(s) = s**3 + s**